{"id":20794,"date":"2024-09-10T09:05:42","date_gmt":"2024-09-10T16:05:42","guid":{"rendered":"https:\/\/anwgconference.org\/taniko-2-and-3-color-twining\/"},"modified":"2025-09-16T16:21:32","modified_gmt":"2025-09-16T23:21:32","slug":"taniko-2-and-3-color-twining","status":"publish","type":"page","link":"https:\/\/anwgconference.org\/archive\/2025\/workshops\/taniko-2-and-3-color-twining\/","title":{"rendered":"T\u0101niko &#8211; 2 and 3 Color Twining"},"content":{"rendered":"<div class=\"wp-block-image\">\n<figure class=\"aligncenter size-full\"><img decoding=\"async\" width=\"742\" height=\"500\" data-src=\"https:\/\/anwgconference.org\/archive\/2025\/wp-content\/uploads\/2024\/10\/Tamiko-copy.jpeg\" alt=\"\" class=\"wp-image-21785 lazyload\" data-srcset=\"https:\/\/anwgconference.org\/archive\/2025\/wp-content\/uploads\/2024\/10\/Tamiko-copy.jpeg 742w, https:\/\/anwgconference.org\/archive\/2025\/wp-content\/uploads\/2024\/10\/Tamiko-copy-300x202.jpeg 300w\" data-sizes=\"(max-width: 742px) 100vw, 742px\" src=\"data:image\/svg+xml;base64,PHN2ZyB3aWR0aD0iMSIgaGVpZ2h0PSIxIiB4bWxucz0iaHR0cDovL3d3dy53My5vcmcvMjAwMC9zdmciPjwvc3ZnPg==\" style=\"--smush-placeholder-width: 742px; --smush-placeholder-aspect-ratio: 742\/500;\" \/><\/figure>\n<\/div>\n\n\n<p class=\"\"><\/p>\n\n\n\n<h4 class=\"wp-block-heading\"><strong>Only 3 Spaces Left! Last Updated <\/strong>April 29<\/h4>\n\n\n\n<p class=\"\">This class consists of 2 variations of color T\u0101niko. T\u0101niko is a traditional twining weaving technique of the M\u0101ori of New Zealand. It may also refer to their designs. Class participants will work on their own looms with an opportunity to collaborate with other students. This is a self-paced class with students open to pick and choose which techniques they wish to concentrate on.<\/p>\n\n\n\n<p class=\"\"><strong>Instructor:<\/strong> <a href=\"https:\/\/anwgconference.org\/archive\/2025\/dawn-ahlert\/\" data-type=\"page\" data-id=\"20671\">Dawn Ahlert<\/a><br><strong>Duration:<\/strong> 1 day<br><strong>When:<\/strong> Thursday<br><strong>Level: <\/strong>Advanced beginner and beyond<br><strong>Categories:<\/strong> Weaving, Tapestry, Rugs<\/p>\n\n\n\n<p class=\"\"><strong>Supplies that students will bring: &nbsp;<\/strong>Frame or tapestry loom<\/p>\n\n\n\n<p class=\"\"><strong>Material Fee:<\/strong> $10<br><strong>Materials Included:<\/strong> A color spiral bound instruction booklet, illustrated with diagrams and pictures.<\/p>\n","protected":false},"excerpt":{"rendered":"<p>Only 3 Spaces Left! Last Updated April 29 This class consists of 2 variations of color T\u0101niko. T\u0101niko is a traditional twining weaving technique of the M\u0101ori of New Zealand. It may also refer to their designs. Class participants will work on their own looms with an opportunity to collaborate with other students. This is&hellip;&nbsp;<a href=\"https:\/\/anwgconference.org\/archive\/2025\/workshops\/taniko-2-and-3-color-twining\/\" rel=\"bookmark\">Read More &raquo;<span class=\"screen-reader-text\">T\u0101niko &#8211; 2 and 3 Color Twining<\/span><\/a><\/p>\n","protected":false},"author":3,"featured_media":21785,"parent":21341,"menu_order":0,"comment_status":"closed","ping_status":"closed","template":"","meta":{"nf_dc_page":"","neve_meta_sidebar":"","neve_meta_container":"","neve_meta_enable_content_width":"","neve_meta_content_width":0,"neve_meta_title_alignment":"","neve_meta_author_avatar":"","neve_post_elements_order":"","neve_meta_disable_header":"","neve_meta_disable_footer":"","neve_meta_disable_title":"","footnotes":""},"categories":[31],"tags":[],"class_list":["post-20794","page","type-page","status-publish","has-post-thumbnail","hentry","category-workshops"],"_links":{"self":[{"href":"https:\/\/anwgconference.org\/archive\/2025\/wp-json\/wp\/v2\/pages\/20794","targetHints":{"allow":["GET"]}}],"collection":[{"href":"https:\/\/anwgconference.org\/archive\/2025\/wp-json\/wp\/v2\/pages"}],"about":[{"href":"https:\/\/anwgconference.org\/archive\/2025\/wp-json\/wp\/v2\/types\/page"}],"author":[{"embeddable":true,"href":"https:\/\/anwgconference.org\/archive\/2025\/wp-json\/wp\/v2\/users\/3"}],"replies":[{"embeddable":true,"href":"https:\/\/anwgconference.org\/archive\/2025\/wp-json\/wp\/v2\/comments?post=20794"}],"version-history":[{"count":5,"href":"https:\/\/anwgconference.org\/archive\/2025\/wp-json\/wp\/v2\/pages\/20794\/revisions"}],"predecessor-version":[{"id":26877,"href":"https:\/\/anwgconference.org\/archive\/2025\/wp-json\/wp\/v2\/pages\/20794\/revisions\/26877"}],"up":[{"embeddable":true,"href":"https:\/\/anwgconference.org\/archive\/2025\/wp-json\/wp\/v2\/pages\/21341"}],"wp:featuredmedia":[{"embeddable":true,"href":"https:\/\/anwgconference.org\/archive\/2025\/wp-json\/wp\/v2\/media\/21785"}],"wp:attachment":[{"href":"https:\/\/anwgconference.org\/archive\/2025\/wp-json\/wp\/v2\/media?parent=20794"}],"wp:term":[{"taxonomy":"category","embeddable":true,"href":"https:\/\/anwgconference.org\/archive\/2025\/wp-json\/wp\/v2\/categories?post=20794"},{"taxonomy":"post_tag","embeddable":true,"href":"https:\/\/anwgconference.org\/archive\/2025\/wp-json\/wp\/v2\/tags?post=20794"}],"curies":[{"name":"wp","href":"https:\/\/api.w.org\/{rel}","templated":true}]}}